te the greatest common divisor of j and u.
58
Let r = -15 + 18. Let c be (-207)/92*(-176)/3. Suppose 4*h + r*f = c, 4*f - 18 + 84 = 2*h. Calculate the highest common factor of h and 11.
11
Suppose -9*j = -2*j - 140. Suppose -j - 14 = -2*z. Calculate the greatest common factor of 119 and z.
17
Let l be (-9)/(-3 - (-153)/54). Let x be 90/21*1*63. What is the greatest common divisor of x and l?
54
Let p(y) = -271*y + 2225. Let a be p(8). Calculate the highest common divisor of 1273 and a.
19
Let t = -44 + 57. Let y be ((-4)/4)/(3/(-9)). Suppose 520 = y*r + 2*r. Calculate the greatest common factor of t and r.
13
Let l be 24/40 + 21/15. Suppose -y + 1477 = 4*o - 276, -3551 = -l*y + o. Calculate the highest common divisor of 9 and y.
9
Let g be (-20)/(-8)*(-8)/(-5). Suppose 0 = g*d - 4*p - 12 - 52, -3*p + 72 = 5*d. Suppose 13*w - d*w = -176. Calculate the highest common divisor of 8 and w.
8
Let b(t) = t**3 - 14*t**2 - 31*t - 27. Let u be b(14). Let v = 499 + u. What is the greatest common divisor of 646 and v?
38
Let q(s) = 4*s + 10. Let b be q(8). Suppose 0 = 5*j - 5*o - 305, -209 = -4*j + 39*o - b*o. What is the greatest common factor of 84 and j?
28
Suppose -4*o + 5*n = -110, 17*o - 13*o - 114 = 3*n. Calculate the highest common factor of 730 and o.
10
Suppose 4*d - 85 = -5*f, 0 = 2*d - 10. Let l be (-1)/(-2 - f/(-7)). Let c be 2 - (60/(-90))/((-6)/(-675)). Calculate the greatest common divisor of c and l.
7
Suppose -4718 + 19278 = -59*a + 267*a. Suppose -3*v - 5 = -95. What is the highest common divisor of v and a?
10
Let b be ((-190)/(-4))/(10 - (-95)/(-10)). What is the highest common divisor of b and 323?
19
Let y(n) = 2*n**2 + 3*n + 4. Let i be 5 + 84/(-18) + 7/(-3). Let t be y(i). What is the greatest common factor of t and 138?
6
Let w(q) = -68*q - 76. Let c be w(-19). Suppose 6*p - c = -10*p. Calculate the greatest common factor of 19 and p.
19
Let v be (68 - -12)*28/10. Let p = v + -119. Calculate the highest common factor of p and 15.
15
Let j = 793 - 763. What is the greatest common factor of j and 72?
6
Let q(n) = n**2 - 3*n - 2. Let b be q(6). Suppose -7*c - 68 = -3*c. Let f be (c - -1)*(0 + -1). Calculate the highest common factor of f and b.
16
Let h = -296 + 298. Suppose -73 = h*q - 465. Calculate the highest common divisor of q and 4.
4
Let h be 1/(20/(-170) - (-7329)/62237). Calculate the highest common divisor of 51 and h.
17
Let o(m) be the third derivative of -5*m**4/24 + 35*m**3/2 - m**2 - 9*m. Let t be o(19). Suppose -u + 30 = -10. What is the greatest common factor of t and u?
10
Suppose 4*q + 52 = 2*d, q = -2*d - 4*q + 70. Suppose -3*j + d = -4*j. Let g be (j/(-8))/(4 - (-145)/(-40)). What is the greatest common factor of g and 25?
5
Let n be (-2)/(-2) + (2 - (-1 - -116)). Let f = 167 + n. Let j be (-2)/(-3) - (-26)/6. Calculate the greatest common divisor of f and j.
5
Let j be (-10)/(20/(-29))*4. What is the greatest common divisor of j and 17226?
58
Let c be (-20)/(-6) + (-3)/9. Suppose -4*z - 9 = -q - 109, 2*q - 40 = -2*z. Calculate the greatest common factor of c and z.
3
Let o = 12076 - 9710. Calculate the greatest common factor of 14 and o.
14
Suppose k + 12 = 2*k. Let s be -192 + -2 + 1 + 4 + 0. Let n = -177 - s. What is the highest common factor of k and n?
12
Let u(r) = -2*r**2 - 32*r + 5. Let a be u(-15). Let z be 40*(-4 + 161/a). Let c = 3 - -29. What is the greatest common factor of z and c?
8
Let o = 42469 + -37885. Calculate the highest common factor of 6 and o.
6
Suppose 0 = -4*q - 3*z + 717, 3*q + 11*z - 535 = 6*z. Let s(y) = -2*y**2 - 83*y - 105. Let f be s(-40). Calculate the greatest common factor of f and q.
15
Let j(u) = 2*u**2 - 177*u - 5422. Let x be j(-34). What is the highest common divisor of 4 and x?
4
Let t(y) = -7*y - 34. Let o be t(-18). Suppose 0*r + 15 = z + 4*r, 93 = 4*z + 5*r. Let a be 70/3 + (-9)/z. Calculate the greatest common factor of a and o.
23
Let j(p) = p**3 + 11*p**2 - 40*p + 14. Let o be j(-14). Let k be (-16)/10*(441/o - -9). What is the greatest common factor of k and 126?
18
Let p(t) = -t + 12. Let g be p(8). Suppose 4*d - 79 = 2*u + 153, g*u - 152 = -3*d. Let a be -46*(-27)/90 + 1/5. What is the highest common divisor of d and a?
14
Suppose 0 = -k + 5*o + 45, -5*o + 6*o + 54 = 2*k. Let n(t) = -5*t**3 - 5*t**2 + 3*t - 3. Let a be n(-4). Calculate the greatest common factor of k and a.
25
Suppose 3*k + g = 293, 0 = -29*g + 33*g + 4. Calculate the greatest common divisor of k and 6223.
49
Suppose 206 = 4*v - 2*r, -v = -33*r + 31*r - 59. Calculate the highest common divisor of 2989 and v.
49
Suppose -4*h = -9*h + 15. Suppose h*w = 53 - 47. Let p = -54 + 72. Calculate the greatest common factor of p and w.
2
Let a(i) = -3*i**3 + 65*i**2 + 50*i - 466. Let q be a(22). Calculate the highest common divisor of q and 550.
50
Let k be 474/24 - (-4)/16*1. Let u be (1134/k)/7 + 16/(-160). What is the highest common divisor of 76 and u?
4
Let b be ((-9)/(-12)*-649)/(33/(-176)). Calculate the greatest common divisor of 88 and b.
44
Let j be -3 + (-3)/6*-26. Suppose 0*z + z = 4. Suppose -a - z*a = -25. What is the highest common factor of j and a?
5
Suppose 1019 = 4*w + i, -580 = -3*w - 2*i + 178. Suppose -w = 2*t - 272. What is the greatest common factor of t and 16?
8
Let m(s) = -12*s**2 + 427*s + 267. Let k be m(35). What is the greatest common divisor of k and 56?
8
Let r(g) = g**3 - 12*g**2 + 12*g + 13. Let v be r(11). Suppose 0 = -9*a + 3*a + v. Suppose 31 + 1153 = a*p. What is the highest common factor of 37 and p?
37
Let u be ((-280)/(-30))/(-28)*(-420)/2. What is the highest common factor of u and 80?
10
Let i = -1086 - -1104. What is the greatest common divisor of 6462 and i?
18
Let h(p) = 7*p - 94. Let b(w) = w**2 - 15*w + 16. Let a be b(0). Let r be h(a). What is the greatest common factor of 27 and r?
9
Let y be ((-6)/15)/((-6)/270). Suppose 7*a - a = y. Suppose -a*j - 49 = -193. What is the greatest common divisor of j and 6?
6
Let z = 7850 - 7829. What is the greatest common divisor of 11361 and z?
21
Let j = 158 - 74. Suppose -3*q + j = -q. What is the greatest common divisor of q and 14?
14
Let b = 4458 - 4446. What is the highest common factor of b and 96?
12
Suppose -5*s + s = -2*j - 72, -3*j = 5*s - 90. Suppose -2*v + 18 - s = 0. Suppose 4*z - 13 - 7 = v. What is the highest common divisor of z and 10?
5
Let y be (7/(147/396))/(1/7). Let c be (-3 - y/(-24))*14/5. Calculate the greatest common factor of c and 35.
7
Suppose 5*w - 308 = -2*j + w, 0 = 4*j - 4*w - 664. Suppose -2*d + j = 12. Suppose -d = -3*a - 33. What is the greatest common factor of a and 4?
2
Let m be 20/80 - (1/4 - 0). Suppose 2*r + 39 - 71 = m. Calculate the highest common divisor of 40 and r.
8
Let j = -87 - -153. Suppose -23*d - 10*d - 1561 + 7006 = 0. Calculate the highest common divisor of j and d.
33
Let a = 16091 + -15750. What is the highest common factor of a and 62?
31
Let d(b) = 7*b + 196. Let v(y) = -2*y**3 + 37*y**2 - 19*y + 26. Let u be v(18). Let x be d(u). Calculate the greatest common divisor of 7 and x.
7
Suppose 81*w - 283 - 41 = 0. What is the greatest common factor of 2348 and w?
4
Suppose 1236 + 1284 = 420*s. Suppose 0 = -3*w + 85 - 19. What is the highest common divisor of w and s?
2
Let j(b) = 92*b**2 + 24*b + 22. Let k be j(4). What is the greatest common factor of 6 and k?
6
Let x(w) = 1. Let o(q) = 6*q**2 + 10*q + 1. Let v(h) = o(h) - 2*x(h). Let a be v(-4). Calculate the highest common divisor of 88 and a.
11
Suppose -87 = -5*m - s + 316, 0 = -4*m + 5*s + 305. Suppose 55*k - 629 = 88*k - 2609. What is the greatest common factor of m and k?
20
Suppose -54 - 42 = -r. Suppose 10*m - 330 = 5*m. Let t = m - 42. Calculate the greatest common factor of r and t.
24
Suppose -2*c + c = -2. Suppose 51 - 31 = 4*o. Suppose -4*f + 40 = 4*n + 4, 4*n = o*f - 36. Calculate the greatest common divisor of c and f.
2
Let t = 21490 + -17431. Calculate the greatest common divisor of 495 and t.
99
Let g be 80/280 + 16/(-7) + 1. Let s be ((-4)/8)/(g/106). Suppose 3*c = 3, c = 4*h - 2*c - s. Calculate the greatest common factor of 126 and h.
14
Suppose 0 = -5*c - i + 28152, -69*i + 73*i - 22496 = -4*c. Calculate the greatest common factor of 33 and c.
11
Let x(y) = -y**3 - 5*y**2 + 12*y - 8. L